e factors of 303901?
13, 97, 241
List the prime factors of 105676.
2, 29, 911
What are the prime factors of 12664578?
2, 3, 2110763
What are the prime factors of 450292?
2, 112573
What are the prime factors of 16175646?
2, 3, 71, 4219
What are the prime factors of 36598?
2, 29, 631
List the prime factors of 178878.
2, 3, 7, 4259
What are the prime factors of 3081318?
2, 3, 17, 1777
List the prime factors of 2881468.
2, 720367
What are the prime factors of 5495890?
2, 5, 549589
List the prime factors of 1072247.
11, 107, 911
List the prime factors of 3056053.
7, 11, 13, 43, 71
What are the prime factors of 17234484?
2, 3, 1436207
List the prime factors of 19163776.
2, 149717
List the prime factors of 32629062.
2, 3, 5438177
What are the prime factors of 9625954?
2, 13, 431, 859
List the prime factors of 8157309.
3, 31, 239, 367
What are the prime factors of 16773566?
2, 157, 53419
List the prime factors of 26750.
2, 5, 107
What are the prime factors of 272255?
5, 17, 3203
List the prime factors of 746634.
2, 3, 7, 29, 613
What are the prime factors of 10488056?
2, 73, 17959
What are the prime factors of 8456689?
401, 21089
List the prime factors of 12938460.
2, 3, 5, 223, 967
What are the prime factors of 31156893?
3, 211, 1823
List the prime factors of 12201138.
2, 3, 17, 13291
List the prime factors of 3635560.
2, 5, 97, 937
What are the prime factors of 95735?
5, 41, 467
List the prime factors of 1814450.
2, 5, 11, 3299
What are the prime factors of 433962?
2, 3, 24109
List the prime factors of 334139.
13, 25703
List the prime factors of 212515.
5, 19, 2237
List the prime factors of 1628840.
2, 5, 43, 947
What are the prime factors of 393765?
3, 5, 26251
List the prime factors of 1233869.
7, 13, 149
List the prime factors of 253212.
2, 3, 21101
List the prime factors of 227865.
3, 5, 11, 1381
List the prime factors of 5224298.
2, 151, 17299
What are the prime factors of 4261440?
2, 3, 5, 23, 193
What are the prime factors of 606?
2, 3, 101
What are the prime factors of 11251644?
2, 3, 937637
What are the prime factors of 178014?
2, 3, 29669
What are the prime factors of 27010353?
3, 439, 20509
List the prime factors of 5324567.
1063, 5009
List the prime factors of 3914215.
5, 31, 25253
List the prime factors of 3069109.
1289, 2381
What are the prime factors of 4626501?
3, 11, 140197
What are the prime factors of 317938?
2, 71, 2239
What are the prime factors of 4526057?
4526057
List the prime factors of 77187.
3, 11, 2339
List the prime factors of 11155386.
2, 3, 11, 173, 977
List the prime factors of 386196.
2, 3, 32183
What are the prime factors of 3445781?
17, 202693
List the prime factors of 2436977.
2436977
What are the prime factors of 241318?
2, 7, 11, 1567
What are the prime factors of 495714?
2, 3, 82619
What are the prime factors of 5865233?
11, 48473
What are the prime factors of 6202695?
3, 5, 257, 1609
What are the prime factors of 152514?
2, 3, 37, 229
What are the prime factors of 284492?
2, 13, 5471
List the prime factors of 1316705.
5, 13, 47, 431
What are the prime factors of 1108646?
2, 7, 11, 23, 313
What are the prime factors of 532614?
2, 3, 29, 3061
What are the prime factors of 1814796?
2, 3, 50411
What are the prime factors of 238365?
3, 5, 5297
List the prime factors of 2385203.
19, 47, 2671
List the prime factors of 1921031.
7, 47, 5839
What are the prime factors of 6575802?
2, 3, 79, 13873
What are the prime factors of 831943?
7, 157, 757
What are the prime factors of 15095405?
5, 13, 17, 19, 719
List the prime factors of 277803.
3, 10289
List the prime factors of 51161.
11, 4651
List the prime factors of 836189.
836189
What are the prime factors of 119148?
2, 3, 9929
List the prime factors of 165321.
3, 13, 157
What are the prime factors of 12044821?
691, 17431
What are the prime factors of 2062130?
2, 5, 7, 89, 331
What are the prime factors of 555425?
5, 13, 1709
List the prime factors of 3411827.
509, 6703
List the prime factors of 33357.
3, 11119
What are the prime factors of 101371?
17, 67, 89
What are the prime factors of 601895?
5, 7, 29, 593
List the prime factors of 730417.
19, 37, 1039
What are the prime factors of 2864340?
2, 3, 5, 15913
What are the prime factors of 1626610?
2, 5, 29, 71, 79
List the prime factors of 28301848.
2, 3537731
What are the prime factors of 310221?
3, 34469
What are the prime factors of 1570563?
3, 58169
What are the prime factors of 4944070?
2, 5, 494407
List the prime factors of 418940.
2, 5, 20947
What are the prime factors of 30859177?
587, 52571
What are the prime factors of 382678?
2, 191339
List the prime factors of 668700.
2, 3, 5, 743
What are the prime factors of 1107894?
2, 3, 184649
What are the prime factors of 9941?
9941
List the prime factors of 19983073.
11, 1816643
List the prime factors of 337125.
3, 5, 29, 31
List the prime factors of 3240769.
7, 23, 20129
List the prime factors of 4852506.
2, 3, 808751
List the prime factors of 1224265.
5, 7, 19, 263
List the prime factors of 8980934.
2, 397, 11311
List the prime factors of 24928506.
2, 3, 461639
What are the prime factors of 3171643?
29, 109367
List the prime factors of 2979610.
2, 5, 37, 8053
What are the prime factors of 25218443?
25218443
What are the prime factors of 381132?
2, 3, 3529
What are the prime factors of 1183181?
1183181
List the prime factors of 9799592.
2, 11, 19, 5861
List the prime factors of 64430.
2, 5, 17, 379
What are the prime factors of 25009418?
2, 7, 23, 101, 769
What are the prime factors of 172119?
3, 57373
What are the prime factors of 1874135?
5, 59, 6353
What are the prime factors of 8650254?
2, 3, 23, 62683
What are the prime factors of 737167?
109, 6763
List the prime factors of 40707404.
2, 59, 172489
What are the prime factors of 240482?
2, 11, 17, 643
What are the prime factors of 471539?
471539
What are the prime factors of 112246?
2, 56123
What are the prime factors of 508409?
11, 46219
List the prime factors of 9717105.
3, 5, 31, 20897
What are the prime factors of 645520?
2, 5, 8069
List the prime factors of 7295802.
2, 3, 863, 1409
What are the prime factors of 692800?
2, 5, 433
List the prime factors of 1302807.
3, 11, 37, 97
What are the prime factors of 4232830?
2, 5, 7, 17, 3557
What are the prime factors of 748236?
2, 3, 23, 2711
List the prime factors of 761989.
619, 1231
List the prime factors of 129779.
13, 67, 149
What are the prime factors of 159292?
2, 7, 5689
List the prime factors of 37357402.
2, 18678701
List the prime factors of 11696089.
271, 43159
List the prime factors of 480109.
7, 107, 641
List the prime factors of 69446.
2, 13, 2671
What are the prime factors of 3144366?
2, 3, 58229
What are the prime factors of 32703?
3, 11, 991
What are the prime factors of 10900680?
2, 3, 5, 7, 19, 683
What are the prime factors of 176723?
79, 2237
List the prime factors of 2947940.
2, 5, 147397
List the prime factors of 339851.
29, 11719
List the prime factors of 860706.
2, 3, 7, 11, 23
What are the prime factors of 29401668?
2, 3, 71, 11503
List the prime factors of 129226.
2, 64613
What are the prime factors of 3094586?
2, 11, 140663
List the prime factors of 227081.
227081
List the prime factors of 2252.
2, 563
What are the prime factors of 1523204?
2, 197, 1933
What are the prime factors of 1616537?
13, 124349
What are the prime factors of 466318?
2, 233159
List the prime factors of 364707.
3, 7, 827
What are the prime factors of 617623?
431, 1433
What are the prime factors of 3535185?
3, 5, 235679
What are the prime factors of 4509336?
2, 3, 13, 97, 149
List the prime factors of 4133212.
2, 1033303
List the prime factors of 280881.
3, 101, 103
List the prime factors of 58920.
2, 3, 5, 491
What are the prime factors of 56330?
2, 5, 43, 131
What are the prime factors of 304414?
2, 11, 101, 137
What are the prime factors of 1191154?
2, 595577
What are the prime factors of 187509?
3, 7, 8929
List the prime factors of 4214299.
1087, 3877
What are the prime factors of 277804?
2, 199, 349
List the prime factors of 427685.
5, 23, 3719
List the prime factors of 37656709.
37656709
What are the prime factors of 144389?
7, 20627
List the prime factors of 1052592.
2, 3, 21929
List the prime factors of 31252497.
3, 2687, 3877
What are the prime factors of 200